{"id":290,"date":"2021-02-19T15:19:04","date_gmt":"2021-02-19T15:19:04","guid":{"rendered":"https:\/\/projetos.descomplicandosites.com\/mobiliar\/?post_type=product&#038;p=290"},"modified":"2022-11-08T23:21:15","modified_gmt":"2022-11-08T23:21:15","slug":"rack-pine-com-2-portas-rosa-claro","status":"publish","type":"product","link":"https:\/\/projetos.descomplicandosites.com\/mobiliar\/produto\/rack-pine-com-2-portas-rosa-claro\/","title":{"rendered":"RACK PINE COM 2 PORTAS \u2013 ROSA CLARO"},"content":{"rendered":"<h2 class=\"text-uppercase text-sm\">O PRODUTO<\/h2>\n<div class=\"mb-10\"><\/div>\n<div class=\"text-muted text-justify\">\n<p>O Rack Pine com 2 Portas \u2013 Rosa Claro vai mudar a sua casa para melhor,\u00a0 sua sala de estar ficar\u00e1 mais charmosa, e seus DVD\u2019s e Cd\u2019s n\u00e3o ficar\u00e3o mais perdidos por ai, pois poder\u00e3o ficar guardados dentro do rack, afinal sua sala merece ficar organizada.<\/p>\n<p>Queridinha da Vero, a Cole\u00e7\u00e3o Pine \u00e9 composta por produtos \u00fateis dessa forma eles deixar\u00e3o seu espa\u00e7o lindo e funcional.<\/p>\n<p>De linhas simples e com muito espa\u00e7o para armazenar produtos, a Pine \u00e9 ideal para quem procura por m\u00f3veis vers\u00e1teis e atemporais.<\/p>\n<h3 class=\"text-cinza font-16\">INFORMA\u00c7\u00c3O T\u00c9CNICA RACK PINE COM 2 PORTAS \u2013 ROSA CLARO<\/h3>\n<p>A estrutura, \u00a0portas e prateleiras do criado s\u00e3o produzidos em MDF com acabamento em laca (pintura). \u00a0E os p\u00e9s, em pinus com acabamento em verniz.<\/p>\n<p>Dobradi\u00e7as blum.<\/p>\n<p>Montagem: 2 pessoas. tempo 60min.<\/p>\n<p>Carga m\u00e1xima suportada: 60kg no tampo e 20kg em cada prateleira \u2013\u00a0peso distribu\u00eddo uniformemente entre a superf\u00edcie conforme imagem ilustrativa do produto.<\/p>\n<p>Dimens\u00e3o 120 x 63 x 45cm (largura x altura x profundidade).<\/p>\n<p>Produto desenvolvido para uso em \u00e1reas internas.<\/p>\n<p>Pode haver varia\u00e7\u00e3o de tonalidades e veios.<br \/>\nPossui dispositivo de seguran\u00e7a \u2013 permite que seu m\u00f3vel seja fixo na parede, evitando acidentes.<\/p>\n<p>ATEN\u00c7\u00c3O! PRODUTO SOFREU ALTERA\u00c7\u00c3O!<br \/>\nFuro para passa fios nos 3 fundos do rack.<br \/>\nRack com fundo colorido na frente e cru na traseira.<\/p>\n<\/div>\n","protected":false},"excerpt":{"rendered":"<h2 class=\"text-uppercase text-sm\">O PRODUTO<\/h2>\n<div class=\"mb-10\"><\/div>\n<div class=\"text-muted text-justify\">\n<p>O Rack Pine com 2 Portas \u2013 Rosa Claro vai mudar a sua casa para melhor,\u00a0 sua sala de estar ficar\u00e1 mais charmosa, e seus DVD\u2019s e Cd\u2019s n\u00e3o ficar\u00e3o mais perdidos por ai, pois poder\u00e3o ficar guardados dentro do rack, afinal sua sala merece ficar organizada.<\/p>\n<p>Queridinha da Vero, a Cole\u00e7\u00e3o Pine \u00e9 composta por produtos \u00fateis dessa forma eles deixar\u00e3o seu espa\u00e7o lindo e funcional.<\/p>\n<p>De linhas simples e com muito espa\u00e7o para armazenar produtos, a Pine \u00e9 ideal para quem procura por m\u00f3veis vers\u00e1teis e atemporais.<\/p>\n<\/div>\n","protected":false},"featured_media":281,"comment_status":"open","ping_status":"closed","template":"","meta":[],"product_cat":[15,26],"product_tag":[],"_links":{"self":[{"href":"https:\/\/projetos.descomplicandosites.com\/mobiliar\/wp-json\/wp\/v2\/product\/290"}],"collection":[{"href":"https:\/\/projetos.descomplicandosites.com\/mobiliar\/wp-json\/wp\/v2\/product"}],"about":[{"href":"https:\/\/projetos.descomplicandosites.com\/mobiliar\/wp-json\/wp\/v2\/types\/product"}],"replies":[{"embeddable":true,"href":"https:\/\/projetos.descomplicandosites.com\/mobiliar\/wp-json\/wp\/v2\/comments?post=290"}],"wp:featuredmedia":[{"embeddable":true,"href":"https:\/\/projetos.descomplicandosites.com\/mobiliar\/wp-json\/wp\/v2\/media\/281"}],"wp:attachment":[{"href":"https:\/\/projetos.descomplicandosites.com\/mobiliar\/wp-json\/wp\/v2\/media?parent=290"}],"wp:term":[{"taxonomy":"product_cat","embeddable":true,"href":"https:\/\/projetos.descomplicandosites.com\/mobiliar\/wp-json\/wp\/v2\/product_cat?post=290"},{"taxonomy":"product_tag","embeddable":true,"href":"https:\/\/projetos.descomplicandosites.com\/mobiliar\/wp-json\/wp\/v2\/product_tag?post=290"}],"curies":[{"name":"wp","href":"https:\/\/api.w.org\/{rel}","templated":true}]}}